{"id":111,"date":"2012-11-09T20:52:24","date_gmt":"2012-11-09T19:52:24","guid":{"rendered":"http:\/\/www.lestitisdelovalie.fr\/?page_id=111"},"modified":"2019-10-29T18:50:11","modified_gmt":"2019-10-29T17:50:11","slug":"animations","status":"publish","type":"page","link":"https:\/\/www.lestitisdelovalie.fr\/?page_id=111","title":{"rendered":"Animations"},"content":{"rendered":"<p align=\"center\"><strong>Vous ne serez jamais surpris de ne plus \u00eatre assis !<\/strong><\/p>\n<p>Sous la houlette de nos lanceurs de chants, au son des tambours, votre ferveur r\u00e9sonnera dans tout Jean Bouin, vous serez ainsi au plus proche d&rsquo;eux pour les encourager.<\/p>\n<p>Les grands drapeaux comme les petits s&rsquo;agiteront au rythme de celle-ci.<br>R\u00e9guli\u00e8rement les tifos seront d\u00e9ploy\u00e9s pour l&rsquo;entr\u00e9e des joueurs et des animations en tribune seront organis\u00e9es&#8230;..<\/p>\n\n\n<p style=\"text-align:center\">Vous allez vibrer !!!<\/p>\n\n\n\n<p>Des id\u00e9es ?? Faites-nous en part ! <\/p>\n\n\n\n<figure class=\"wp-block-image is-resized\"><img loading=\"lazy\" decoding=\"async\" src=\"https:\/\/www.lestitisdelovalie.fr\/titiovalie\/wp-content\/uploads\/tribune-titis-1024x435.jpg\" alt=\"\" class=\"wp-image-1636\" width=\"1031\" height=\"438\" srcset=\"https:\/\/www.lestitisdelovalie.fr\/titiovalie\/wp-content\/uploads\/tribune-titis.jpg 1024w, https:\/\/www.lestitisdelovalie.fr\/titiovalie\/wp-content\/uploads\/tribune-titis-300x127.jpg 300w, https:\/\/www.lestitisdelovalie.fr\/titiovalie\/wp-content\/uploads\/tribune-titis-768x326.jpg 768w\" sizes=\"auto, (max-width: 1031px) 100vw, 1031px\" \/><\/figure>\n\n\n<p><\/p>\n<p style=\"text-align: center;\"><strong>Les chants !!!<\/strong><\/p>\n<p>Vous trouverez ci dessous les chants les plus courants <strong>chez nous<\/strong>, <strong>chez le Stade Fran\u00e7ais Paris<\/strong> !!<\/p>\n\n\n<ul class=\"wp-block-gallery columns-1 is-cropped wp-block-gallery-1 is-layout-flex wp-block-gallery-is-layout-flex\"><li class=\"blocks-gallery-item\"><figure><img loading=\"lazy\" decoding=\"async\" width=\"1024\" height=\"742\" src=\"https:\/\/www.lestitisdelovalie.fr\/titiovalie\/wp-content\/uploads\/Allez-le-stade-francais-1024x742.png\" alt=\"\" data-id=\"1670\" data-link=\"https:\/\/www.lestitisdelovalie.fr\/?attachment_id=1670\" class=\"wp-image-1670\" srcset=\"https:\/\/www.lestitisdelovalie.fr\/titiovalie\/wp-content\/uploads\/Allez-le-stade-francais-1024x742.png 1024w, https:\/\/www.lestitisdelovalie.fr\/titiovalie\/wp-content\/uploads\/Allez-le-stade-francais-300x217.png 300w, https:\/\/www.lestitisdelovalie.fr\/titiovalie\/wp-content\/uploads\/Allez-le-stade-francais-768x556.png 768w, https:\/\/www.lestitisdelovalie.fr\/titiovalie\/wp-content\/uploads\/Allez-le-stade-francais.png 1354w\" sizes=\"auto, (max-width: 1024px) 100vw, 1024px\" \/><\/figure><\/li><li class=\"blocks-gallery-item\"><figure><img loading=\"lazy\" decoding=\"async\" width=\"1019\" height=\"682\" src=\"https:\/\/www.lestitisdelovalie.fr\/titiovalie\/wp-content\/uploads\/quand-le-virage.png\" alt=\"\" data-id=\"1671\" data-link=\"https:\/\/www.lestitisdelovalie.fr\/?attachment_id=1671\" class=\"wp-image-1671\" srcset=\"https:\/\/www.lestitisdelovalie.fr\/titiovalie\/wp-content\/uploads\/quand-le-virage.png 1019w, https:\/\/www.lestitisdelovalie.fr\/titiovalie\/wp-content\/uploads\/quand-le-virage-300x201.png 300w, https:\/\/www.lestitisdelovalie.fr\/titiovalie\/wp-content\/uploads\/quand-le-virage-768x514.png 768w\" sizes=\"auto, (max-width: 1019px) 100vw, 1019px\" \/><\/figure><\/li><li class=\"blocks-gallery-item\"><figure><img loading=\"lazy\" decoding=\"async\" width=\"1024\" height=\"742\" src=\"https:\/\/www.lestitisdelovalie.fr\/titiovalie\/wp-content\/uploads\/Stade-francais-je-taime-1024x742.png\" alt=\"\" data-id=\"1672\" data-link=\"https:\/\/www.lestitisdelovalie.fr\/?attachment_id=1672\" class=\"wp-image-1672\" srcset=\"https:\/\/www.lestitisdelovalie.fr\/titiovalie\/wp-content\/uploads\/Stade-francais-je-taime-1024x742.png 1024w, https:\/\/www.lestitisdelovalie.fr\/titiovalie\/wp-content\/uploads\/Stade-francais-je-taime-300x217.png 300w, https:\/\/www.lestitisdelovalie.fr\/titiovalie\/wp-content\/uploads\/Stade-francais-je-taime-768x556.png 768w, https:\/\/www.lestitisdelovalie.fr\/titiovalie\/wp-content\/uploads\/Stade-francais-je-taime.png 1354w\" sizes=\"auto, (max-width: 1024px) 100vw, 1024px\" \/><\/figure><\/li><li class=\"blocks-gallery-item\"><figure><img loading=\"lazy\" decoding=\"async\" width=\"1024\" height=\"742\" src=\"https:\/\/www.lestitisdelovalie.fr\/titiovalie\/wp-content\/uploads\/supporter-du-sf-1024x742.png\" alt=\"\" data-id=\"1673\" data-link=\"https:\/\/www.lestitisdelovalie.fr\/?attachment_id=1673\" class=\"wp-image-1673\" srcset=\"https:\/\/www.lestitisdelovalie.fr\/titiovalie\/wp-content\/uploads\/supporter-du-sf-1024x742.png 1024w, https:\/\/www.lestitisdelovalie.fr\/titiovalie\/wp-content\/uploads\/supporter-du-sf-300x217.png 300w, https:\/\/www.lestitisdelovalie.fr\/titiovalie\/wp-content\/uploads\/supporter-du-sf-768x556.png 768w, https:\/\/www.lestitisdelovalie.fr\/titiovalie\/wp-content\/uploads\/supporter-du-sf.png 1354w\" sizes=\"auto, (max-width: 1024px) 100vw, 1024px\" \/><\/figure><\/li><\/ul>\n\n\n\n<ul class=\"wp-block-gallery columns-1 is-cropped wp-block-gallery-2 is-layout-flex wp-block-gallery-is-layout-flex\"><li class=\"blocks-gallery-item\"><figure><img loading=\"lazy\" decoding=\"async\" width=\"1024\" height=\"816\" src=\"https:\/\/www.lestitisdelovalie.fr\/titiovalie\/wp-content\/uploads\/fier-d\u00eatre-parisien-1024x816.png\" alt=\"\" data-id=\"1675\" data-link=\"https:\/\/www.lestitisdelovalie.fr\/?attachment_id=1675\" class=\"wp-image-1675\" srcset=\"https:\/\/www.lestitisdelovalie.fr\/titiovalie\/wp-content\/uploads\/fier-d\u00eatre-parisien-1024x816.png 1024w, https:\/\/www.lestitisdelovalie.fr\/titiovalie\/wp-content\/uploads\/fier-d\u00eatre-parisien-300x239.png 300w, https:\/\/www.lestitisdelovalie.fr\/titiovalie\/wp-content\/uploads\/fier-d\u00eatre-parisien-768x612.png 768w, https:\/\/www.lestitisdelovalie.fr\/titiovalie\/wp-content\/uploads\/fier-d\u00eatre-parisien.png 1441w\" sizes=\"auto, (max-width: 1024px) 100vw, 1024px\" \/><\/figure><\/li><\/ul>\n","protected":false},"excerpt":{"rendered":"<p>Vous ne serez jamais surpris de ne plus \u00eatre assis ! Sous la houlette de nos lanceurs de chants, au son des tambours, votre ferveur r\u00e9sonnera dans tout Jean Bouin, vous serez ainsi au plus proche d&rsquo;eux pour les encourager. Les grands drapeaux comme les petits s&rsquo;agiteront au rythme de celle-ci.R\u00e9guli\u00e8rement les tifos seront d\u00e9ploy\u00e9s [&hellip;]<\/p>\n","protected":false},"author":1,"featured_media":0,"parent":0,"menu_order":0,"comment_status":"closed","ping_status":"closed","template":"","meta":{"footnotes":""},"class_list":["post-111","page","type-page","status-publish","hentry"],"_links":{"self":[{"href":"https:\/\/www.lestitisdelovalie.fr\/index.php?rest_route=\/wp\/v2\/pages\/111","targetHints":{"allow":["GET"]}}],"collection":[{"href":"https:\/\/www.lestitisdelovalie.fr\/index.php?rest_route=\/wp\/v2\/pages"}],"about":[{"href":"https:\/\/www.lestitisdelovalie.fr\/index.php?rest_route=\/wp\/v2\/types\/page"}],"author":[{"embeddable":true,"href":"https:\/\/www.lestitisdelovalie.fr\/index.php?rest_route=\/wp\/v2\/users\/1"}],"replies":[{"embeddable":true,"href":"https:\/\/www.lestitisdelovalie.fr\/index.php?rest_route=%2Fwp%2Fv2%2Fcomments&post=111"}],"version-history":[{"count":26,"href":"https:\/\/www.lestitisdelovalie.fr\/index.php?rest_route=\/wp\/v2\/pages\/111\/revisions"}],"predecessor-version":[{"id":1682,"href":"https:\/\/www.lestitisdelovalie.fr\/index.php?rest_route=\/wp\/v2\/pages\/111\/revisions\/1682"}],"wp:attachment":[{"href":"https:\/\/www.lestitisdelovalie.fr\/index.php?rest_route=%2Fwp%2Fv2%2Fmedia&parent=111"}],"curies":[{"name":"wp","href":"https:\/\/api.w.org\/{rel}","templated":true}]}}