{"id":26,"date":"2012-11-02T22:59:31","date_gmt":"2012-11-02T21:59:31","guid":{"rendered":"http:\/\/www.lestitisdelovalie.fr\/?page_id=26"},"modified":"2025-07-07T10:18:49","modified_gmt":"2025-07-07T09:18:49","slug":"adherer","status":"publish","type":"page","link":"https:\/\/www.lestitisdelovalie.fr\/?page_id=26","title":{"rendered":"Adh\u00e9rer"},"content":{"rendered":"<div>&nbsp;<\/div>\n<p>Cher(e)s ami(e)s supporters du Stade Fran\u00e7ais,<\/p>\n<p><\/p>\n\n\n<p>Les adh\u00e9sions pour la 19\u00e8me saison des Titis sont d\u00e9clar\u00e9es ouvertes !!!<\/p>\n\n\n\n<p>L&rsquo;abonnement au Stade Fran\u00e7ais via l&rsquo;association inclut les 15 matchs \u00e0 domicile&nbsp; (13 de Top14 et 2 de coupe d&rsquo;Europe) ainsi que l\u2019acc\u00e8s, avec des tarifs pr\u00e9f\u00e9rentiels, \u00e0 toutes nos activit\u00e9s :<\/p>\n\n\n\n<p>\u2013 d\u00e9placements en France et en Europe<\/p>\n\n\n\n<\/p>\n<p>\u2013 achats de places suppl\u00e9mentaires dans la tribune Gilardi,<\/p>\n<p>\n\n\n\n<\/p>\n<p>\u2013 pique-niques d\u2019avant match, ap\u00e9ro-go\u00fbters, soir\u00e9es\u2026<\/p>\n<p>\n\n\n\n<\/p>\n<p>\u2013 3\u00b0 mi-temps<\/p>\n<p>\n\n\n\n<\/p>\n<p>Le prix de l\u2019abonnement est de :<\/p>\n<p>\n\n\n\n<ul class=\"wp-block-list\"><li>Titis 2025-2026 abonnement 15 matchs : 150 \u20ac (dont 30 \u20ac d&rsquo;adh\u00e9sion)<\/li><li>Titis 2025-2026 abonnement mineurs 15 matchs : 130 \u20ac (dont 30 \u20ac d&rsquo;adh\u00e9sion)<\/li><li>Adh\u00e9rent simple Titi 2025-2026 : 30 \u20ac<\/li><\/ul>\n\n\n\n<p>Conform\u00e9ment aux statuts en vigueur, toute demande d&rsquo;adh\u00e9sion est soumise \u00e0 vote secret des membres du bureau.<\/p>\n\n\n\n<p>Rejoignez-nous en suivant ce lien <a href=\"https:\/\/docs.google.com\/forms\/d\/e\/1FAIpQLSfFqB5MNDCHrB1JB2BGLAWqd7q2cURtv7BoFLJk5ihnhl4rEA\/viewform?fbclid=IwZXh0bgNhZW0CMTAAYnJpZBEwOVhKZzc1dGdBTnZYcXI2TAEeu_GIhd0lUMXqT3UZLhrMMLZCo7nvQ-zXpAqDzyHGFPXRS3CK5DvvN7vZ29w_aem_CqH_3losLptsDTbomNKzyg\" data-type=\"URL\" data-id=\"https:\/\/docs.google.com\/forms\/d\/e\/1FAIpQLSfFqB5MNDCHrB1JB2BGLAWqd7q2cURtv7BoFLJk5ihnhl4rEA\/viewform?fbclid=IwZXh0bgNhZW0CMTAAYnJpZBEwOVhKZzc1dGdBTnZYcXI2TAEeu_GIhd0lUMXqT3UZLhrMMLZCo7nvQ-zXpAqDzyHGFPXRS3CK5DvvN7vZ29w_aem_CqH_3losLptsDTbomNKzyg\">https:\/\/d<\/a><a rel=\"noreferrer noopener\" href=\"https:\/\/docs.google.com\/forms\/d\/e\/1FAIpQLSfFqB5MNDCHrB1JB2BGLAWqd7q2cURtv7BoFLJk5ihnhl4rEA\/viewform?fbclid=IwZXh0bgNhZW0CMTAAYnJpZBEwOVhKZzc1dGdBTnZYcXI2TAEeu_GIhd0lUMXqT3UZLhrMMLZCo7nvQ-zXpAqDzyHGFPXRS3CK5DvvN7vZ29w_aem_CqH_3losLptsDTbomNKzyg\" data-type=\"URL\" data-id=\"https:\/\/docs.google.com\/forms\/d\/e\/1FAIpQLSfFqB5MNDCHrB1JB2BGLAWqd7q2cURtv7BoFLJk5ihnhl4rEA\/viewform?fbclid=IwZXh0bgNhZW0CMTAAYnJpZBEwOVhKZzc1dGdBTnZYcXI2TAEeu_GIhd0lUMXqT3UZLhrMMLZCo7nvQ-zXpAqDzyHGFPXRS3CK5DvvN7vZ29w_aem_CqH_3losLptsDTbomNKzyg\" target=\"_blank\">o<\/a><a href=\"https:\/\/docs.google.com\/forms\/d\/e\/1FAIpQLSfFqB5MNDCHrB1JB2BGLAWqd7q2cURtv7BoFLJk5ihnhl4rEA\/viewform?fbclid=IwZXh0bgNhZW0CMTAAYnJpZBEwOVhKZzc1dGdBTnZYcXI2TAEeu_GIhd0lUMXqT3UZLhrMMLZCo7nvQ-zXpAqDzyHGFPXRS3CK5DvvN7vZ29w_aem_CqH_3losLptsDTbomNKzyg\" data-type=\"URL\" data-id=\"https:\/\/docs.google.com\/forms\/d\/e\/1FAIpQLSfFqB5MNDCHrB1JB2BGLAWqd7q2cURtv7BoFLJk5ihnhl4rEA\/viewform?fbclid=IwZXh0bgNhZW0CMTAAYnJpZBEwOVhKZzc1dGdBTnZYcXI2TAEeu_GIhd0lUMXqT3UZLhrMMLZCo7nvQ-zXpAqDzyHGFPXRS3CK5DvvN7vZ29w_aem_CqH_3losLptsDTbomNKzyg\">cs.google.com\/forms\/d\/e\/1FAIpQLSfFqB5MNDCHrB1JB2BGLAWqd7q2cURtv7BoFLJk5ihnhl4rEA\/viewform?fbclid=IwZXh0bgNhZW0CMTAAYnJpZBEwOVhKZzc1dGdBTnZYcXI2TAEeu_GIhd0lUMXqT3UZLhrMMLZCo7nvQ-zXpAqDzyHGFPXRS3CK5DvvN7vZ29w_aem_CqH_3losLptsDTbomNKzyg<\/a><\/p>\n\n\n\n<p><\/p>\n\n\n\n<p><\/p>\n\n\n\n<\/p>\n<p>Si vous souhaitez plus de d\u00e9tails, vous pouvez nous contacter \u00e0 l\u2019adresse : bureau.titis@gmail.com\n\n\n<p><\/p>\n<div>\n<p>Inscrivez-vous vite, les Titis de l\u2019Ovalie vous attendent !<br><a href=\"https:\/\/www.lestitisdelovalie.fr\/titiovalie\/wp-content\/uploads\/PlanStade2.png\"><img loading=\"lazy\" decoding=\"async\" class=\"aligncenter size-full wp-image-1549\" src=\"https:\/\/www.lestitisdelovalie.fr\/titiovalie\/wp-content\/uploads\/PlanStade2.png\" alt=\"\" width=\"588\" height=\"510\" srcset=\"https:\/\/www.lestitisdelovalie.fr\/titiovalie\/wp-content\/uploads\/PlanStade2.png 588w, https:\/\/www.lestitisdelovalie.fr\/titiovalie\/wp-content\/uploads\/PlanStade2-300x260.png 300w\" sizes=\"auto, (max-width: 588px) 100vw, 588px\" \/><\/a><\/p>\n<\/div>\n\n\n<p><\/p>\n","protected":false},"excerpt":{"rendered":"<p>&nbsp; Cher(e)s ami(e)s supporters du Stade Fran\u00e7ais, Les adh\u00e9sions pour la 19\u00e8me saison des Titis sont d\u00e9clar\u00e9es ouvertes !!! L&rsquo;abonnement au Stade Fran\u00e7ais via l&rsquo;association inclut les 15 matchs \u00e0 domicile&nbsp; (13 de Top14 et 2 de coupe d&rsquo;Europe) ainsi que l\u2019acc\u00e8s, avec des tarifs pr\u00e9f\u00e9rentiels, \u00e0 toutes nos activit\u00e9s : \u2013 d\u00e9placements en France [&hellip;]<\/p>\n","protected":false},"author":1,"featured_media":2964,"parent":0,"menu_order":0,"comment_status":"open","ping_status":"open","template":"","meta":{"footnotes":""},"class_list":["post-26","page","type-page","status-publish","has-post-thumbnail","hentry"],"_links":{"self":[{"href":"https:\/\/www.lestitisdelovalie.fr\/index.php?rest_route=\/wp\/v2\/pages\/26","targetHints":{"allow":["GET"]}}],"collection":[{"href":"https:\/\/www.lestitisdelovalie.fr\/index.php?rest_route=\/wp\/v2\/pages"}],"about":[{"href":"https:\/\/www.lestitisdelovalie.fr\/index.php?rest_route=\/wp\/v2\/types\/page"}],"author":[{"embeddable":true,"href":"https:\/\/www.lestitisdelovalie.fr\/index.php?rest_route=\/wp\/v2\/users\/1"}],"replies":[{"embeddable":true,"href":"https:\/\/www.lestitisdelovalie.fr\/index.php?rest_route=%2Fwp%2Fv2%2Fcomments&post=26"}],"version-history":[{"count":74,"href":"https:\/\/www.lestitisdelovalie.fr\/index.php?rest_route=\/wp\/v2\/pages\/26\/revisions"}],"predecessor-version":[{"id":2994,"href":"https:\/\/www.lestitisdelovalie.fr\/index.php?rest_route=\/wp\/v2\/pages\/26\/revisions\/2994"}],"wp:featuredmedia":[{"embeddable":true,"href":"https:\/\/www.lestitisdelovalie.fr\/index.php?rest_route=\/wp\/v2\/media\/2964"}],"wp:attachment":[{"href":"https:\/\/www.lestitisdelovalie.fr\/index.php?rest_route=%2Fwp%2Fv2%2Fmedia&parent=26"}],"curies":[{"name":"wp","href":"https:\/\/api.w.org\/{rel}","templated":true}]}}

Adhérer

<div>&nbsp;</div>
<p>Cher(e)s ami(e)s supporters du Stade Français,</p>
<p></p>


<p>Les adhésions pour la 19ème saison des Titis sont déclarées ouvertes !!!</p>



<p>L&rsquo;abonnement au Stade Français via l&rsquo;association inclut les 15 matchs à domicile&nbsp; (13 de Top14 et 2 de coupe d&rsquo;Europe) ainsi que l’accès, avec des tarifs préférentiels, à toutes nos activités :</p>



<p>– déplacements en France et en Europe</p>



</p>
<p>– achats de places supplémentaires dans la tribune Gilardi,</p>
<p>



</p>
<p>– pique-niques d’avant match, apéro-goûters, soirées…</p>
<p>



</p>
<p>– 3° mi-temps</p>
<p>



</p>
<p>Le prix de l’abonnement est de :</p>
<p>



<ul class="wp-block-list"><li>Titis 2025-2026 abonnement 15 matchs : 150 € (dont 30 € d&rsquo;adhésion)</li><li>Titis 2025-2026 abonnement mineurs 15 matchs : 130 € (dont 30 € d&rsquo;adhésion)</li><li>Adhérent simple Titi 2025-2026 : 30 €</li></ul>



<p>Conformément aux statuts en vigueur, toute demande d&rsquo;adhésion est soumise à vote secret des membres du bureau.</p>



<p>Rejoignez-nous en suivant ce lien <a href="https://docs.google.com/forms/d/e/1FAIpQLSfFqB5MNDCHrB1JB2BGLAWqd7q2cURtv7BoFLJk5ihnhl4rEA/viewform?fbclid=IwZXh0bgNhZW0CMTAAYnJpZBEwOVhKZzc1dGdBTnZYcXI2TAEeu_GIhd0lUMXqT3UZLhrMMLZCo7nvQ-zXpAqDzyHGFPXRS3CK5DvvN7vZ29w_aem_CqH_3losLptsDTbomNKzyg" data-type="URL" data-id="https://docs.google.com/forms/d/e/1FAIpQLSfFqB5MNDCHrB1JB2BGLAWqd7q2cURtv7BoFLJk5ihnhl4rEA/viewform?fbclid=IwZXh0bgNhZW0CMTAAYnJpZBEwOVhKZzc1dGdBTnZYcXI2TAEeu_GIhd0lUMXqT3UZLhrMMLZCo7nvQ-zXpAqDzyHGFPXRS3CK5DvvN7vZ29w_aem_CqH_3losLptsDTbomNKzyg">https://d</a><a rel="noreferrer noopener" href="https://docs.google.com/forms/d/e/1FAIpQLSfFqB5MNDCHrB1JB2BGLAWqd7q2cURtv7BoFLJk5ihnhl4rEA/viewform?fbclid=IwZXh0bgNhZW0CMTAAYnJpZBEwOVhKZzc1dGdBTnZYcXI2TAEeu_GIhd0lUMXqT3UZLhrMMLZCo7nvQ-zXpAqDzyHGFPXRS3CK5DvvN7vZ29w_aem_CqH_3losLptsDTbomNKzyg" data-type="URL" data-id="https://docs.google.com/forms/d/e/1FAIpQLSfFqB5MNDCHrB1JB2BGLAWqd7q2cURtv7BoFLJk5ihnhl4rEA/viewform?fbclid=IwZXh0bgNhZW0CMTAAYnJpZBEwOVhKZzc1dGdBTnZYcXI2TAEeu_GIhd0lUMXqT3UZLhrMMLZCo7nvQ-zXpAqDzyHGFPXRS3CK5DvvN7vZ29w_aem_CqH_3losLptsDTbomNKzyg" target="_blank">o</a><a href="https://docs.google.com/forms/d/e/1FAIpQLSfFqB5MNDCHrB1JB2BGLAWqd7q2cURtv7BoFLJk5ihnhl4rEA/viewform?fbclid=IwZXh0bgNhZW0CMTAAYnJpZBEwOVhKZzc1dGdBTnZYcXI2TAEeu_GIhd0lUMXqT3UZLhrMMLZCo7nvQ-zXpAqDzyHGFPXRS3CK5DvvN7vZ29w_aem_CqH_3losLptsDTbomNKzyg" data-type="URL" data-id="https://docs.google.com/forms/d/e/1FAIpQLSfFqB5MNDCHrB1JB2BGLAWqd7q2cURtv7BoFLJk5ihnhl4rEA/viewform?fbclid=IwZXh0bgNhZW0CMTAAYnJpZBEwOVhKZzc1dGdBTnZYcXI2TAEeu_GIhd0lUMXqT3UZLhrMMLZCo7nvQ-zXpAqDzyHGFPXRS3CK5DvvN7vZ29w_aem_CqH_3losLptsDTbomNKzyg">cs.google.com/forms/d/e/1FAIpQLSfFqB5MNDCHrB1JB2BGLAWqd7q2cURtv7BoFLJk5ihnhl4rEA/viewform?fbclid=IwZXh0bgNhZW0CMTAAYnJpZBEwOVhKZzc1dGdBTnZYcXI2TAEeu_GIhd0lUMXqT3UZLhrMMLZCo7nvQ-zXpAqDzyHGFPXRS3CK5DvvN7vZ29w_aem_CqH_3losLptsDTbomNKzyg</a></p>



<p></p>



<p></p>



</p>
<p>Si vous souhaitez plus de détails, vous pouvez nous contacter à l’adresse : bureau.titis@gmail.com


<p></p>
<div>
<p>Inscrivez-vous vite, les Titis de l’Ovalie vous attendent !<br><a href="https://www.lestitisdelovalie.fr/titiovalie/wp-content/uploads/PlanStade2.png"><img loading="lazy" decoding="async" class="aligncenter size-full wp-image-1549" src="https://www.lestitisdelovalie.fr/titiovalie/wp-content/uploads/PlanStade2.png" alt="" width="588" height="510" srcset="https://www.lestitisdelovalie.fr/titiovalie/wp-content/uploads/PlanStade2.png 588w, https://www.lestitisdelovalie.fr/titiovalie/wp-content/uploads/PlanStade2-300x260.png 300w" sizes="auto, (max-width: 588px) 100vw, 588px" /></a></p>
</div>


<p></p>

<p>&nbsp; Cher(e)s ami(e)s supporters du Stade Français, Les adhésions pour la 19ème saison des Titis sont déclarées ouvertes !!! L&rsquo;abonnement au Stade Français via l&rsquo;association inclut les 15 matchs à domicile&nbsp; (13 de Top14 et 2 de coupe d&rsquo;Europe) ainsi que l’accès, avec des tarifs préférentiels, à toutes nos activités : – déplacements en France [&hellip;]</p>
