{"id":87,"date":"2012-11-06T17:39:31","date_gmt":"2012-11-06T16:39:31","guid":{"rendered":"http:\/\/www.lestitisdelovalie.fr\/?page_id=87"},"modified":"2025-07-07T17:41:08","modified_gmt":"2025-07-07T16:41:08","slug":"liens","status":"publish","type":"page","link":"https:\/\/www.lestitisdelovalie.fr\/?page_id=87","title":{"rendered":"Liens"},"content":{"rendered":"<p><strong><span style=\"color: #ff99cc;\">Les Titis<\/span><\/strong><\/p>\n<ul>\n<li><span class=\"Apple-style-span\">Page Facebook officiel des Titis :\u00a0<a href=\"http:\/\/www.facebook.com\/titis.delovalie\" target=\"_blank\" rel=\"noopener\"><span style=\"color: #ff99cc;\">www.facebook.com\/titis.delovalie<\/span><\/a><\/span><\/li>\n<\/ul>\n<ul>\n<li><span class=\"Apple-style-span\" style=\"color: #ff99cc;\">Compte twitter : \u00a0@LesTitisdelOval<\/span><\/li>\n<li>Compte Instagram :\u00a0<a href=\"https:\/\/www.instagram.com\/lestitisdelovalie?igsh=MWw3emxmM2l3eHkz\">https:\/\/www.instagram.com\/lestitisdelovalie?igsh=MWw3emxmM2l3eHkz<\/a><\/li>\n<\/ul>\n<p><span style=\"color: #ff99cc;\">\u00a0<\/span><\/p>\n<p><span style=\"color: #ff99cc;\"><strong>Site officiel du Stade Fran\u00e7ais<\/strong> : <a href=\"http:\/\/www.stade.fr\" target=\"_blank\" rel=\"noopener\"><span style=\"color: #ff99cc;\">www.stade.fr<\/span><\/a> \/ <a href=\"http:\/\/stade.forumdediscussions.com\/\" target=\"_blank\" rel=\"noopener\"><span style=\"color: #ff99cc;\">stade.forumdediscussions.com<\/span><\/a><\/span><\/p>\n<p><span style=\"color: #ff99cc;\"><strong>Site officiel de la Ligue Nationale de Rugby<\/strong> : <a href=\"http:\/\/www.lnr.fr\" target=\"_blank\" rel=\"noopener\"><span style=\"color: #ff99cc;\">www.lnr.fr<\/span><\/a><\/span><\/p>\n<p><span style=\"color: #ff99cc;\"><strong>Site communautaire d\u00e9di\u00e9 au rugby de notre parrain, Pierre Rabadan<\/strong> : <a href=\"http:\/\/www.rugbygeneration.com\" target=\"_blank\" rel=\"noopener\"><span style=\"color: #ff99cc;\">www.rugbygeneration.com<\/span><\/a><\/span><\/p>\n<p><strong><span style=\"color: #ff99cc;\">Nos amis<\/span><\/strong> :<\/p>\n<ul>\n<li><span style=\"color: #ff99cc;\">Les amis du stade (Stade Fran\u00e7ais Paris) : <a href=\"http:\/\/amistade.free.fr\/\" target=\"_blank\" rel=\"nofollow noopener\"><span style=\"color: #ff99cc;\">amistade.free.fr<\/span><\/a><\/span><\/li>\n<\/ul>\n<ul>\n<li><span style=\"color: #ff99cc;\">Objectif Rugby : <a href=\"http:\/\/www.objectifrugby.com\/\" target=\"_blank\" rel=\"noopener\"><span style=\"color: #ff99cc;\">www.objectifrugby.com<\/span><\/a><\/span><\/li>\n<\/ul>\n<p><span style=\"color: #888888;\"><em>Objectif Rugby est un site de photos d\u00e9di\u00e9 au rugby, g\u00e9r\u00e9 par St\u00e9phane Hamel, qui est le photographe officiel du Stade Fran\u00e7ais Paris<\/em><\/span><\/p>\n<ul>\n<li><span style=\"color: #ff0000;\">La boucherie Ovalie : <a href=\"http:\/\/boucherie-ovalie.org\/\" target=\"_blank\" rel=\"noopener\"><span style=\"color: #ff0000;\">boucherie-ovalie.org<\/span><\/a><\/span><\/li>\n<\/ul>\n<p><span style=\"color: #808080;\"><em>Site proposant des articles humoristiques et d\u00e9cal\u00e9s sur l&rsquo;actualit\u00e9 rugbystique<\/em><\/span><\/p>\n<ul>\n<li><span style=\"color: #ff0000;\">Les Fadas (RC Toulon) : <a href=\"http:\/\/pilou-pilou.net\" target=\"_blank\" rel=\"noopener\"><span style=\"color: #ff0000;\">pilou-pilou.net<\/span><\/a> \/ <a href=\"http:\/\/www.facebook.com\/fadas.toulon\"><span style=\"color: #ff0000;\">www.facebook.com\/fadas.toulon<\/span><\/a><\/span><\/li>\n<\/ul>\n<p><em><span style=\"color: #808080;\">\u00ab\u00a0Les Fadas du RCT \u00bb ?, mais qui sommes nous finalement ?<\/span><\/em><br \/>\n<em><span style=\"color: #808080;\">La traduction nous apporte un \u00e9l\u00e9ment de r\u00e9ponse.<\/span><\/em><em><span style=\"color: #808080;\"> Le \u00ab Fada \u00bb est celui qui croit aux f\u00e9es\u2026 La n\u00f4tre est proven\u00e7ale,<\/span><\/em><em><span style=\"color: #808080;\"> porte le muguet sur le c\u0153ur et r\u00eave en rouge et noir.<\/span><\/em><em><span style=\"color: #808080;\"> \u00ab Les Fadas \u00bb, ce sont des valeurs de convivialit\u00e9 et de respect \u00ab<\/span><\/em><br \/>\n<em><span style=\"color: #808080;\">chevill\u00e9es \u00bb au corps.<\/span><\/em><em><span style=\"color: #808080;\"> C\u2019est aussi l\u2019ambition d\u2019\u00eatre les ambassadeurs d\u2019un \u00ab erc\u00e9t\u00e9 \u00bb<\/span><\/em><em><span style=\"color: #808080;\"> insulaire, conqu\u00e9rant et victorieux.<\/span><\/em><em><span style=\"color: #808080;\"> C\u2019est \u00e9galement la mission de garder le \u00ab temple \u00bb, le r\u00f4le de garant<\/span><\/em><em><span style=\"color: #808080;\"> de l\u2019\u00e2me et de l\u2019identit\u00e9 de Mayol, et la lutte avec force et<\/span><\/em><em><span style=\"color: #808080;\"> conviction contre la st\u00e9rilisation de notre sport.<\/span><\/em><em><span style=\"color: #808080;\"> C\u2019est surtout un attachement visc\u00e9ral pour un Club et plus simplement<\/span><\/em><br \/>\n<em><span style=\"color: #808080;\">un esprit festif et d\u00e9jant\u00e9 parfaitement revendiqu\u00e9.<\/span><\/em><em><span style=\"color: #808080;\"> Forts de ces valeurs, nous avons franchi le \u00ab Faron \u00bb en devenant les<\/span><\/em><em><span style=\"color: #808080;\"> premiers supporters ind\u00e9pendants de France gr\u00e2ce \u00e0 l\u2019adh\u00e9sion et le<\/span><\/em><em><span style=\"color: #808080;\"> soutien de nos 1000 membres.<\/span><\/em><br \/>\n<em><span style=\"color: #808080;\">Pourquoi ?<\/span><\/em><br \/>\n<em><span style=\"color: #808080;\">Parce que Toulon ! Parce que Les Fadas !\u00a0\u00bb<\/span><\/em><\/p>\n<ul>\n<li><span style=\"color: #99ccff;\">Pena Baiona (Aviron Bayonnais)<\/span> : <span style=\"color: #99ccff;\"><a href=\"http:\/\/www.penabaiona.fr\" target=\"_blank\" rel=\"noopener\"><span style=\"color: #99ccff;\">www.penabaiona.fr<\/span><\/a><\/span><\/li>\n<\/ul>\n<ul>\n<li><span style=\"color: #ffcc00;\">Les Us@pistes\u00a0 (USA Perpignan) : <a href=\"http:\/\/www.usapistes.net\/\" target=\"_blank\" rel=\"noopener\"><span style=\"color: #ffcc00;\">www.usapistes.net<\/span><\/a><\/span><\/li>\n<\/ul>\n<ul>\n<li><span style=\"color: #ffcc00;\">Les Els de Paris (USA Perpignan) : <a href=\"http:\/\/usapparis.wordpress.com\" target=\"_blank\" rel=\"noopener\"><span style=\"color: #ffcc00;\">usapparis.wordpress.com<\/span><\/a><\/span><\/li>\n<\/ul>\n<ul>\n<li><span style=\"color: #ff0000;\">Les Toulousains de Paris (Stade Toulousain)<\/span><span style=\"color: #ff0000;\">: <a href=\"http:\/\/www.toulousains2paris.org\/\" target=\"_blank\" rel=\"noopener\"><span style=\"color: #ff0000;\">www.toulousains2paris.org<\/span><\/a><\/span><\/li>\n<\/ul>\n<p><span style=\"color: #808080;\"><em>\u00ab\u00a0L\u2019association des Toulousains 2 Paris rassemble les Toulousains de Paris et les Toulousains de c\u0153ur. Nous faisons vivre l&rsquo;image du Stade Toulousain et la culture du Sud-ouest en r\u00e9gion parisienne. Notre association conjugue \u00e9galement passion ovale et solidarit\u00e9 en promouvant des actions caritatives au profit d\u2019enfants malades. C\u2019est toujours un v\u00e9ritable plaisir de retrouver nos amis des Titis de L\u2019Ovalie pour partager un repas d\u2019avant match. Ces rencontres avec les Titis de l\u2019Ovalie symbolisent bien les valeurs du rugby, le respect, la solidarit\u00e9, l&rsquo;esprit d&rsquo;\u00e9quipe, la convivialit\u00e9. Un grand merci \u00e0 eux. Contact : Didier Saboulard (pr\u00e9sident) &#8211; <a href=\"mailto:clubt2p@gmail.com\" target=\"_blank\" rel=\"noopener\"><span style=\"color: #808080;\">clubt2p@gmail.com<\/span><\/a>\u00ab\u00a0<\/em><\/span><\/p>\n<ul>\n<li><span style=\"color: #99ccff;\">G\u00e9n\u00e9ration Yves du Manoir (Racing M\u00e9tro 92)<\/span> <span style=\"color: #99ccff;\">: <a href=\"http:\/\/www.generation-yvesdumanoir.com\" target=\"_blank\" rel=\"noopener\"><span style=\"color: #99ccff;\">www.generation-yvesdumanoir.com<\/span><\/a> \/ <a href=\"http:\/\/www.facebook.com\/generation.yvesdumanoir\" target=\"_blank\" rel=\"noopener\"><span style=\"color: #99ccff;\">www.facebook.com\/generation.yvesdumanoir<\/span><\/a><\/span><\/li>\n<\/ul>\n<div><\/div>\n","protected":false},"excerpt":{"rendered":"<p>Les Titis Page Facebook officiel des Titis :\u00a0www.facebook.com\/titis.delovalie Compte twitter : \u00a0@LesTitisdelOval Compte Instagram :\u00a0https:\/\/www.instagram.com\/lestitisdelovalie?igsh=MWw3emxmM2l3eHkz \u00a0 Site officiel du Stade Fran\u00e7ais : www.stade.fr \/ stade.forumdediscussions.com Site officiel de la Ligue Nationale de Rugby : www.lnr.fr Site communautaire d\u00e9di\u00e9 au rugby de notre parrain, Pierre Rabadan : www.rugbygeneration.com Nos amis : Les amis du stade (Stade [&hellip;]<\/p>\n","protected":false},"author":1,"featured_media":0,"parent":0,"menu_order":0,"comment_status":"closed","ping_status":"closed","template":"","meta":{"footnotes":""},"class_list":["post-87","page","type-page","status-publish","hentry"],"_links":{"self":[{"href":"https:\/\/www.lestitisdelovalie.fr\/index.php?rest_route=\/wp\/v2\/pages\/87","targetHints":{"allow":["GET"]}}],"collection":[{"href":"https:\/\/www.lestitisdelovalie.fr\/index.php?rest_route=\/wp\/v2\/pages"}],"about":[{"href":"https:\/\/www.lestitisdelovalie.fr\/index.php?rest_route=\/wp\/v2\/types\/page"}],"author":[{"embeddable":true,"href":"https:\/\/www.lestitisdelovalie.fr\/index.php?rest_route=\/wp\/v2\/users\/1"}],"replies":[{"embeddable":true,"href":"https:\/\/www.lestitisdelovalie.fr\/index.php?rest_route=%2Fwp%2Fv2%2Fcomments&post=87"}],"version-history":[{"count":28,"href":"https:\/\/www.lestitisdelovalie.fr\/index.php?rest_route=\/wp\/v2\/pages\/87\/revisions"}],"predecessor-version":[{"id":3044,"href":"https:\/\/www.lestitisdelovalie.fr\/index.php?rest_route=\/wp\/v2\/pages\/87\/revisions\/3044"}],"wp:attachment":[{"href":"https:\/\/www.lestitisdelovalie.fr\/index.php?rest_route=%2Fwp%2Fv2%2Fmedia&parent=87"}],"curies":[{"name":"wp","href":"https:\/\/api.w.org\/{rel}","templated":true}]}}